 - -77. What is the units digit of l?
8
Let l(q) = -q**2 + 20*q - 42. Let b be l(18). What is the tens digit of (4 - -276) + (b - -1)?
7
What is the tens digit of 50 - 41 - (-568 - -1)?
7
Let t(u) = u + 7. Let j be t(5). Let w = j + 67. What is the units digit of w?
9
Let i(u) = 13*u**2 + 6*u + 58. What is the tens digit of i(-6)?
9
Suppose -20 = -4*l, r - 4*l = -3*r - 48. Let q(p) = -2*p - 11. Let h be q(r). Suppose 33 + 9 = h*y. What is the units digit of y?
4
Let q(l) = -13*l**2 + 23*l - 7. Let m(g) = -7*g**2 + 11*g - 3. Let c(t) = -11*m(t) + 6*q(t). What is the tens digit of c(7)?
6
Let l = 333 + -46. Let h = l - 157. What is the tens digit of h?
3
Let g(o) = 112*o - 257. What is the hundreds digit of g(6)?
4
Let g(w) = 2*w**3 + 26*w**2 - w - 9. Let z be g(-13). What is the tens digit of (-3906)/(-7)*z/8?
7
Let a(n) = -n**2 + 2*n + 455. What is the hundreds digit of a(0)?
4
Let g(x) = 3*x**2 + x + 2. Let f be g(-1). Let a = f + -1. What is the units digit of 2*(-1 + a*8)?
6
Suppose 0 = -3*i + 47 - 5. Let t = -10 + i. Suppose -t*f - 57 = -7*f. What is the tens digit of f?
1
Let a(r) = -2*r - 26. Let h be a(-12). What is the units digit of (-1 - (-20)/15)/(h/(-258))?
3
Let i(p) = -2*p**3 + p**2 + 4*p + 3. Let m be i(-2). Suppose m = 2*x + x. What is the units digit of (-4)/10 + 12/x?
2
Let z = 25 + -8. Let r(l) = -l - 8. Let t be r(-11). Suppose -50 = -t*n - z. What is the units digit of n?
1
Suppose -10 = 3*z - 6*z - y, -z - 2 = 3*y. Suppose 2 = -2*c - z*u, -5*u = -2*c - c + 19. Suppose -c*v + 32 = v. What is the units digit of v?
8
Let s = 61 + -24. What is the tens digit of s?
3
Let n = -10 + -47. Let k = 75 - n. What is the hundreds digit of k?
1
Let l = 286 - 154. What is the tens digit of l?
3
Suppose -58*v = -46*v - 8496. What is the units digit of v?
8
Suppose 0 = -q - 2 + 4. Suppose 0 = -r + 6*r. Suppose -f + r = -q. What is the units digit of f?
2
Let f(o) = -3*o**2 + 80*o - 17. What is the hundreds digit of f(25)?
1
What is the hundreds digit of 335/(-2)*(0 + (-12)/15)?
1
Suppose -5*k = -7*k + 90. Suppose r + k = 6*r. Let g = 14 - r. What is the units digit of g?
5
Suppose 0 = 2*l - 10, -15 = -0*i - 4*i + l. Suppose 2*b - i*b + d = -7, -3*d = -6. Suppose -b*y - 2*y = -165. What is the units digit of y?
3
Let z(s) = -s - 1. Let u be z(-6). Suppose u*x + 0*d + 5*d = 125, -x - 5*d = -13. What is the tens digit of x?
2
Let r = -16 + 234. Suppose 0 = -3*j - 4*p + 564, -4*p = 2*j - r - 162. What is the hundreds digit of j?
1
Let t = 1288 + -836. What is the tens digit of t?
5
Let u(y) = y**2 - 18*y + 34. Let v be u(17). Let g = v + 87. What is the tens digit of g?
0
Let f be 2 + -8 - (-1 + (-2)/(-2)). What is the units digit of 72 - (f/(-3) - 1)?
1
Suppose 2*i = -2*x + 16, -3*i - 4 = -5*x - 44. Let u be i*-14 + 4 - 2. What is the tens digit of ((-9)/(-27))/((-1)/u)?
4
Let u = -27 - -49. Suppose 0 = 25*k - u*k - 294. What is the units digit of k?
8
Let w(s) = -278*s + 139*s + 134 + 136*s. What is the tens digit of w(0)?
3
Let a = -65 - -69. What is the tens digit of (1 - 2) + 380/a?
9
Suppose i - 3*v - 19 = 0, -5*i + v + v = -43. Suppose i*p - 40 = 37. What is the tens digit of p?
1
Let b be 0 + ((-400)/(-104) - 2/(-13)). Let f be 7 - (4 + -1) - 0. Suppose f*o = s - 22, 4*s = -o - b*o + 67. What is the units digit of s?
8
Suppose -m + 1805 = -3*v - 0*m, -5*m = 3*v + 1793. Let h = -343 - v. What is the tens digit of h?
5
Let b = -2 + -24. Let v = b - -38. What is the units digit of v?
2
Let k = -66 + 31. Let m = 52 + k. What is the tens digit of m?
1
Let r = 118 + -184. Let h = r + 45. What is the tens digit of ((-3)/2)/(h/224)?
1
Let n(o) = -o**2 - 8*o + 20. Let h be n(-10). What is the tens digit of h + 884/4 + 1?
2
Let x(h) = -26*h - 1. Let y = -7 - -5. What is the tens digit of x(y)?
5
Let b be 0/4*(3 + -2). Suppose -8*u + 1472 = -b*u. Suppose 3*p - 5*t = -2*t + 141, -5*t - u = -4*p. What is the units digit of p?
1
Let s(y) = y**3 + y**2 + 1. Let n(t) = 71*t**3 + t**2 + t. Let q(r) = n(r) - s(r). What is the tens digit of q(1)?
7
Suppose -5*d + 13*d = 1472. Suppose 2*b - 4*x - d = 0, 5*x + 41 + 51 = b. What is the tens digit of b?
9
Let n = 306 - -503. What is the hundreds digit of n?
8
Let q(k) = -2*k**3 - 51*k**2 + 59*k + 15. What is the tens digit of q(-28)?
8
Suppose -9*i + 12*i = 618. What is the units digit of i?
6
Suppose 0 = 7*a - 5034 - 9085. What is the thousands digit of a?
2
Suppose -2*p + 2*o = 2, p - o + 13 = 3*p. Suppose 20 = -p*r, 5*w - 314 = 3*w + 2*r. What is the tens digit of w?
5
Let f(s) = 29*s + 458 + 22*s - 450. What is the units digit of f(4)?
2
Let c(w) = -w**3 - 23*w**2 - 2*w + 24. Let o = -21 + -2. What is the units digit of c(o)?
0
Suppose 5*v = -4*a + 70, -1 + 57 = 4*v - a. Suppose -352 = -v*r + 10*r. What is the tens digit of r?
8
Suppose -1630 = -2*f - 4*l, -l - 2241 = -4*f + 1046. What is the units digit of f?
1
Suppose 4*i = i + 6. Suppose -3*z - 15 = i*z, -5*p + 5*z + 90 = 0. What is the tens digit of p?
1
Let z = 783 + -391. What is the units digit of z?
2
Let y = 97 + 17. Let u = y - 64. Suppose 5*a = 5*o + 40, -5*a + u = -a + 2*o. What is the tens digit of a?
1
Suppose -4*y + 2*l = 14, 0*y + 3*y + 12 = 2*l. Let n be y*10*4/(-16). Suppose n*a = a + 52. What is the units digit of a?
3
Suppose 5*k + 25 = 8*a - 3*a, -4*k = -a + 8. Let h be 2/a + 2934/12. Suppose 5*g - h = -0*g. What is the units digit of g?
9
Let w(i) = 45*i**2 + 16. What is the hundreds digit of w(-3)?
4
Let s(o) = 294*o**2 - 16*o - 39. What is the thousands digit of s(-3)?
2
Let c = 48 + -116. Let m be (-8)/6 - c/(-12). What is the units digit of 2/m + (-115)/(-35)?
3
Let q(k) = 3*k**3 - 62*k**2 + 11*k + 35. What is the tens digit of q(21)?
0
What is the hundreds digit of 3169 + -4 - 12/((-12)/(-3))?
1
Let u be (11 - 2 - -2) + -2. Let g be (-6 + 0)*u/(-2). Suppose -3*o + g = -0*o. What is the units digit of o?
9
Let g(y) = 163*y**3 + 3*y**2 + 6*y - 18. What is the units digit of g(2)?
0
Let z be (-10)/(-6)*(28 - 25). Suppose z*d = 24 + 466. What is the units digit of d?
8
Let t = 175 + 204. What is the hundreds digit of t?
3
Let f(d) = 3*d - 15. Suppose 2*c - 21 = -c. What is the units digit of f(c)?
6
Let b(m) = 138*m - 41. Let c be b(6). Let y = c + -558. What is the tens digit of y?
2
Let u(y) = y**2 + 11*y + 20. Let t be u(-10). What is the units digit of 11 + (-1)/3 + t/(-6)?
9
Let h = -19 - -24. Suppose 354 = h*j + j. What is the tens digit of j?
5
Let n be (-1 + (-12)/(-6))/(2/16). What is the tens digit of (-1773)/(-36) + -2*1/n?
4
Let r(u) = u**2 - 9*u + 15. What is the thousands digit of r(-67)?
5
Suppose 0*m - 2*g - 368 = -2*m, -338 = -2*m - 4*g. Let n = m + -17. What is the units digit of n?
2
Let j be ((-6)/(-4))/((-33)/(-110)). Let n(l) = 3*l + 14. Let s(x) = -x + 1. Let o(a) = j*s(a) - n(a). What is the units digit of o(-5)?
1
Let m = 54 + -51. Suppose -273 = -m*l - 72. What is the units digit of l?
7
Suppose -5*j + 6*o = -12181, 5*j - 2*o - 2151 = 10046. What is the hundreds digit of j?
4
Suppose -15*x - 866 = -17*x. What is the units digit of x?
3
Suppose 37 = 4*t - 27. Let o be t + 35 - (1 - -1). Let x = o - 9. What is the units digit of x?
0
What is the hundreds digit of (0 + 9331)/7 + -6?
3
Let h = 12 + -12. Suppose h*l - 8 = -l. What is the units digit of l?
8
Let u(a) = a**3 - 15*a**2 - 12*a - 23. Let i be u(16). Let o = -23 + i. What is the tens digit of o?
1
Suppose -85*k + 71*k = -22036. What is the units digit of k?
4
Suppose 4*g + 6 = g, 0 = -4*b - 3*g + 10. Let v = -7 + 7. Suppose 5*f = -b*p + 26, 5*f + 2*p - 28 = -v*p. What is the units digit of f?
6
Suppose -b - 6 = -2*q - 36, 15 = -3*q. Let f(o) = -o**3 + o**2 + 3*o - 3. Let c be f(2). What is the tens digit of 2/(1 - c) + b?
2
Let l(k) = 4*k**3 + 13*k**2 - 11*k + 4. Let r(w) = -8 - w**2 - 2*w**3 + 9 + w**3. Let p(h) = -l(h) - 5*r(h). What is the units digit of p(7)?
9
Let w = 15 - 15. Suppose w = -5*t + 921 - 296. Suppose -t = j - 6*j. What is the units digit of j?
5
Suppose 6*g - 17*g - 2101 = 0. Let z = g - -328. What is the units digit of z?
7
Suppose -6*d - 414 = 138. What is the units digit of (-66)/(-44)*d/(-6)?
3
Let b(o) = 2*o + 1. Let p be b(2). Suppose -p*f = -0*f - 585. What is the tens digit of f?
1
Suppose 4788 = -87*t + 93*t. What is